t + n = -6, 2 = t - 9*n + 4*n. Suppose -859 + 3821 = -t*m - 5*k, 0 = -5*k - 10. What is the units digit of m/(-24)*4/3?
2
Let g(o) be the first derivative of -27*o**2 + 7*o - 33. Let k be g(-1). Let c = 92 - k. What is the tens digit of c?
3
What is the tens digit of (-2160956)/(-616) + 4/(-44*2)?
0
Suppose -1786067 = -28*r - 96575. What is the hundreds digit of r?
3
Let h = -2428 + 7887. What is the units digit of h?
9
Suppose 0 = 5*h - 5*j - 0*j - 10, -3*h - 4*j + 27 = 0. Suppose 4 = -k + h. What is the hundreds digit of (k - (-6)/(-4))*-206?
1
Let g(y) = -6*y - 32. Let a be g(-8). Suppose a*s - 1205 = 379. What is the units digit of s?
9
Suppose 2*o - f - 13013 = 0, 36*f - 13043 = -2*o + 31*f. What is the thousands digit of o?
6
Let p(k) = -k**3 - 7*k**2 + k + 13. Let a be p(-7). Suppose 4*d + 194 = a*d. Let s = 13 + d. What is the hundreds digit of s?
1
Let p(g) = g**2 + 14*g + 52. Let y be (1/(-2)*-2)/(11/231). What is the units digit of p(y)?
7
Let t(f) = 17*f + 3062. What is the tens digit of t(0)?
6
Suppose 0 = 2*p + 5*x - 6, -p + 24*x + 3 = 23*x. Suppose 2*m + 4*t - 118 = 8*t, 0 = p*t - 6. What is the tens digit of m?
6
Suppose -8*s + 1384 = 712. Let a(h) = h**3 + 6*h**2 - 3*h - 8. Let n be a(-6). Suppose n*o = 9*o + s. What is the tens digit of o?
8
Let d be (142 - -2*(-9)/(-6))/1. Suppose -2*n + 130 = 3*n + 4*m, d = 4*n - 5*m. What is the units digit of (-18)/n - (-616)/10?
1
Let h(y) = -24*y - 3. Let i be h(-2). Let q be (-128)/(-24) - 5/(15/(-2)). Suppose -q = -v + i. What is the units digit of v?
1
Suppose 2*o = -3*x - 0*o - 226, 0 = -5*x + 2*o - 350. Let v = 816 + x. What is the units digit of v?
4
What is the ten thousands digit of 7 + 1 - (-11668812)/732?
1
Suppose 30*t - 126 = 354. Let s(k) = 4*k**2 - 19*k + 13. What is the tens digit of s(t)?
3
Let y = 455 + -248. Suppose y = w - 125. What is the units digit of w?
2
Let j be (-15)/6*(-24)/20. Suppose -2*f - 3*f + 852 = i, 3*i - 516 = -j*f. Let a = f + 23. What is the hundreds digit of a?
1
What is the units digit of ((-6)/5 - -1) + 88900/125?
1
Suppose 6547*i + 9515 = 6548*i. What is the tens digit of i?
1
Let m(o) = -10*o - 18. Let p be m(-4). Let f = p - 19. Suppose f*r - 2*r = 2*q + 47, -4*r + 212 = 4*q. What is the tens digit of r?
5
Let m(q) = -25*q**2 - 126*q. Let k be m(-5). Suppose 2*b = k*t + 508, 21*t - 8 = 17*t. What is the units digit of b?
9
Suppose h - 2*l - 3825 - 5369 = 0, 4*h - 36818 = l. What is the units digit of h?
6
Suppose -51 = 4*x - 3*w, 0*w = -2*x - 5*w - 19. Let t = x + 20. What is the units digit of (-76)/14*(-28)/t?
9
Let x be (-1)/(-6) - (520/(-48) - 8). Suppose x*u + 2364 = 23*u. What is the hundreds digit of u?
5
Suppose 0 = 8*u - 680948 - 13556. What is the hundreds digit of u?
8
Suppose 60 = -15*d - 30. Let z(y) = 25*y**2 + 3*y + 81. What is the tens digit of z(d)?
6
Let p(m) = -25*m + 65*m + 20*m**2 - 31*m - 3 - 12. What is the units digit of p(5)?
0
Let g be (-3)/(-6)*6 - -4302. What is the units digit of (-3)/(-27) + (g/(-27))/(-5)?
2
Suppose y - 2*f = 4612, -26*y = -22*y - 5*f - 18442. What is the tens digit of y?
0
Let y(q) = -q**2 - 39*q + 382. What is the units digit of y(-34)?
2
Let x = 25302 - 13576. What is the hundreds digit of x?
7
Let h(g) = -273*g**3 + g + 2. Let s be h(-1). Let t = -163 + s. What is the tens digit of t?
1
Suppose 4*m + 2*x = 2*m + 10, 4*x - 2 = 2*m. Suppose 20 = 5*q, 10*q - 6*q = 5*r - 434. Suppose -m*u = d - r, -d - d + 180 = u. What is the units digit of d?
0
Let n = 172 - 173. Let z(l) = -495*l - 15. What is the units digit of z(n)?
0
Let u = -14266 + 24618. What is the thousands digit of u?
0
What is the ten thousands digit of (-167 - 22)/(-1*(-7)/(-2506))?
6
Let o be (2/(-6))/((-2)/6) - 2. Let p(a) = 5*a**2 + a + 1. Let c be p(o). Suppose -c*b + 92 = -b. What is the tens digit of b?
2
Let m be 24/(-32) - ((-3)/(-12) + -3). Suppose 4*k = -5*l + 2142, l = -m*l + k + 1275. What is the units digit of l?
6
Let w = 1365 - 841. Suppose 2*d + o - 5*o = w, 3*d = o + 786. What is the tens digit of d?
6
Let w = -4818 - -12001. What is the hundreds digit of w?
1
Let s = 15200 + -3544. What is the ten thousands digit of s?
1
Let z(f) = 7*f**2 - 1. Let n be z(1). Let y(o) = 42*o**2 + 7*o - 20. What is the units digit of y(n)?
4
Suppose -4*q - 438 = -126. Let b = q + -61. Let v = b - -203. What is the units digit of v?
4
Let g be -4 - (0/4 - 4). Suppose g = -5*y - 3*x - 2 + 6, -4*y - 2 = 5*x. Suppose 2*k = -5*s - y*k + 635, -s + 127 = -4*k. What is the tens digit of s?
2
Let y = 727 + -320. Suppose -d - 35*l + y = -39*l, 2*d - 3*l = 789. What is the hundreds digit of d?
3
Let r be (-650)/5 + 2/2. Let o = 182 + r. What is the units digit of o?
3
Let w(i) = -20*i - 28. Let t = 58 + -49. Suppose t*d + 11 + 25 = 0. What is the units digit of w(d)?
2
Suppose -457*l = -461*l + 16. Suppose -38*j + 42*j - 5492 = -5*c, 1092 = c + l*j. What is the hundreds digit of c?
1
Let j be (28/(-21))/(12/(-17991)). Suppose 20773 = 18*d + j. What is the units digit of d?
3
Let v be 3*(-3)/(-3 + -3 + 3). Let a be 5*1/v + (-1)/(-3). Suppose 3*k + 5*o = o + 149, a*o = -2*k + 98. What is the tens digit of k?
4
Let o(y) = y**2 + 3*y + 49. Let m(v) = 3*v - 37. Let s be m(13). Let w be (-2)/6 - ((-28)/12 + s). What is the tens digit of o(w)?
4
Suppose 5*v - 2*r - 181023 = 0, -144817 = -54*v + 50*v + 3*r. What is the ten thousands digit of v?
3
Suppose 169*m - 600480 = -334539 + 349050. What is the thousands digit of m?
3
Suppose 3*f = q + 30018, -3*f + 6*q - 7141 = -37159. What is the hundreds digit of f?
0
Suppose -j = 445*g - 440*g - 6220, 3*j - 2*g = 18626. What is the tens digit of j?
1
Suppose 0 = -3*j - 4*w + 4032 + 26310, 3*w = -9. What is the tens digit of j?
1
Suppose -w + 47 = 16. Suppose 3*q - 15 = 2*t, 5*t + w = 4*q + 11. Suppose 100 = 5*o - 3*l - 182, 4*l + 281 = q*o. What is the tens digit of o?
5
Suppose -24*q - 6052 = 7724. Let u = 272 - q. What is the units digit of u?
6
Suppose -2*d = 931 - 4375. Suppose 9*v = 2*v + d. What is the units digit of v?
6
Let g = -8220 - -14781. What is the units digit of g?
1
Suppose -4*f = 5*k - 54246 + 18106, -5*k + 45180 = 5*f. What is the tens digit of f?
4
Let o be (-13 - 30/(-20))*(-3 + 5). Let d be 222/(-5) - 2/(-5). Let i = o - d. What is the units digit of i?
1
Let t be (((-6)/(-8) + -2)*4)/(-1). Suppose -t*d + 17 - 7 = 4*i, -21 = -3*i + 3*d. Suppose -i = 4*k - 297. What is the tens digit of k?
7
Let n be 6294/(-12) - (-66)/44. Suppose 0 = -3*w - 829 - 284. Let z = w - n. What is the hundreds digit of z?
1
Let q(x) = 241*x**2 + 74*x + 387. What is the tens digit of q(-7)?
7
Let w = 2374 + 9. What is the hundreds digit of w?
3
Suppose -5*j + 2*o = 1226, 1321 = -4*j + o + 339. What is the units digit of (-4)/(16/j)*(-544)/(-24)?
4
Let m = -416 + 416. Suppose t + 3*a - 1062 = -m*t, t + a - 1054 = 0. What is the units digit of t?
0
Let d = 17 - 7. Let a(h) = -h**2 - 14*h - 59. Let z be a(-8). Let n = d - z. What is the tens digit of n?
2
Let m be (-22938)/(-18)*15/5. Suppose 3*q - m = -4*x, 3*x + 4*q = 6*x - 2836. What is the hundreds digit of x?
9
Let n(x) = 41*x**2 - 107*x - 2060. What is the ten thousands digit of n(-27)?
3
Let k(f) be the second derivative of -f**4/6 - 25*f**3/6 - 2*f**2 - f. Let n be k(-12). What is the tens digit of (-328)/(-6) + -2 + n/(-12)?
5
Suppose -34*d = -35*d - 3. Let v be (d - -2) + 343 - 1. Suppose -2*c = 3*c + 3*k - v, -2*c - 2*k + 134 = 0. What is the units digit of c?
0
Let p = 283 + -605. Let m = p + 451. Suppose o = 5*o - l - 273, -m = -2*o - l. What is the units digit of o?
7
Suppose -3*j = -z - 34, -3*z - 8*j = -5*j + 126. Let c = 289 + -88. Let u = z + c. What is the hundreds digit of u?
1
Suppose 0 = 3*h - 0*h + 12. Let d(i) = 32*i + 57. Let j(n) = 10. Let w(a) = -d(a) + 5*j(a). What is the tens digit of w(h)?
2
Let p = -156 - -159. Suppose 386 + 733 = p*b. What is the units digit of b?
3
Suppose -2*t = 5*h - 2317 - 2160, -4*t + 8994 = 2*h. What is the hundreds digit of t?
2
Let d(l) = l**2 - 4*l. Let v be d(4). What is the tens digit of (v + -5)*-1 - 2 - -121?
2
Let d(l) = -1556*l + 76. What is the thousands digit of d(-5)?
7
Suppose -2*j - 7791100 + 2326420 = -197*j. What is the hundreds digit of j?
0
Let i(u) = -835*u**3 - u**2 - 476*u - 1435. What